What is the tens digit of l?
1
Suppose 84 = -0*m - 4*m. Let b be (-1)/3*0 + 23. Let j = b + m. What is the units digit of j?
2
Suppose 4*x + 44*v - 10128 = 48*v, -2*x = 2*v - 5060. What is the thousands digit of x?
2
Suppose 3234 = -167*c + 181*c. What is the tens digit of c?
3
Let s(l) = 11*l + 164. What is the units digit of s(12)?
6
Let i(j) = -j**3 - 8*j**2 - 6*j + 12. Let v be i(-7). Suppose -4*t = -v*c - 121, -2*t = -2*c - 25 - 37. What is the tens digit of t?
3
Suppose 28 + 16 = q. Let h = -17 - -19. Suppose 0 = -h*n - t + q, t = -2*t. What is the units digit of n?
2
Let n be 8550/125 - 2/5. Let p = n - -10. What is the units digit of p?
8
Suppose -4*d - 5 = -5*d. Suppose -1170 = -d*h + 2*n + n, -1170 = -5*h - n. Suppose u + 5*u = h. What is the units digit of u?
9
Let z(d) = -d**3 + 9*d**2 - 14. Let l be z(7). What is the hundreds digit of 63/l + ((-461)/(-4) - -1)?
1
Suppose q + 5*w = -2*q - 10, 5*w = -q - 20. Suppose -5*x = -x + 20, i + q*x + 8 = 0. What is the units digit of i?
7
Suppose -15 - 10 = -5*l. Let c = 4 + l. Suppose 37 = 7*x + c. What is the units digit of x?
4
Let z be 2 + (-42 - 0/(-4)). Let u be (z/48)/(1/(-6)). Suppose 0*n = u*n - 140. What is the tens digit of n?
2
Suppose -7200 = -27*v + 15*v. What is the tens digit of v?
0
What is the tens digit of 5192/55 + 84/(-35)?
9
Suppose 21*n = 20*n + 1. What is the hundreds digit of 357/3 + n*3?
1
Let m = -100 - -100. Suppose -9*p - 152 + 746 = m. What is the units digit of p?
6
Suppose -5*u = -4*f + 3617, -u = 2*f + u - 1804. What is the hundreds digit of f?
9
Suppose -2*x + 3 = -v, 0 = -3*x - v + 2 - 10. Let p = x - -1. Let h = p - -4. What is the units digit of h?
4
Suppose 0 = -2*n - 2*y + 270, -2*y - 255 = -2*n + y. Suppose -3*v - 182 = x + n, -284 = 3*v - 5*x. Let r = -64 - v. What is the tens digit of r?
3
Let u be 28 - (1 + -1 - 2). Let y be -1 + 30/(-12)*-2. Suppose 3*a - a - 5*j = 20, y*j = -3*a + u. What is the units digit of a?
0
Let h(q) = 7*q**2 + 7*q - 7. Let l be h(2). What is the hundreds digit of 10/(-14) + (-10)/l + 164?
1
Suppose 127 = 4*o - 3*w, -2*o - 4*w + 0*w = -36. Suppose -7*c + 3*c = -12. Suppose o - 4 = n - c*m, 3*m - 48 = -5*n. What is the tens digit of n?
1
Suppose -7 = -h - 2. Suppose h*w + 143 = 1043. Suppose 4*m - w = -x, -4*x + 76 = -0*m + 2*m. What is the tens digit of m?
4
Let l be ((-5)/6*-20)/((-18)/(-27)). What is the tens digit of (630/l + -2)*5?
1
Suppose 0 = p + 18 - 16. What is the units digit of 4 - 252/p*(-9 - -10)?
0
Let w(c) = 16*c**2 - 5*c + 5. Let f = -34 - -36. What is the units digit of w(f)?
9
What is the tens digit of 684 + 12 + 2 + -8?
9
Let q(u) = -144*u + 285. What is the hundreds digit of q(-8)?
4
What is the tens digit of (33650/(-20))/(4 - 27/6)?
6
Suppose 2*g = 8, -4*i - 4*g + 466 + 422 = 0. What is the units digit of i?
8
Let v(b) = b**2 + 10*b + 13. Let f be v(-9). Suppose 0 = -3*k + 15, 0*u + 242 = 3*u + f*k. What is the units digit of u?
4
Suppose 0 = -2*o + 2*t + 664, -3 = 5*t + 2. What is the units digit of o?
1
Suppose -971 + 3371 = -5*u. Let h be 4/((-3)/(-4) - (-230)/(-200)). What is the tens digit of (u/50)/(2/h)?
4
Let i(p) = 8*p**3 + 4*p**2 - 10*p + 9. What is the hundreds digit of i(4)?
5
Suppose 4*w + w + 60 = 0. Let u = 37 + w. What is the tens digit of u?
2
Let t be ((-24)/10)/(4/(-80)). Suppose -2*i + t = 4. Let w = -18 + i. What is the units digit of w?
4
Suppose -13 + 33 = 5*j. Suppose 4*w = -2*x - x - j, 3*x + 12 = 0. Suppose w*z + 2 - 4 = 0. What is the units digit of z?
1
Let d(y) = -20 + 6 + 6 + 8*y. What is the tens digit of d(8)?
5
Suppose -4*i = -f + 79, 5*f - 4*f - 37 = 2*i. Let v be (-19)/(-3) - (-7)/i. Suppose -v = 3*r - 93. What is the tens digit of r?
2
Let v be -5 - -7 - (1 - 3). Suppose -4*b - 1399 = -5*y, 4*y - v*b = 604 + 512. What is the hundreds digit of y?
2
Let v = -358 - -216. Let o = v - -199. What is the tens digit of o?
5
Let v(f) = -3 + 1 - 21*f + 19*f. Let t = 13 + -19. What is the tens digit of v(t)?
1
Let r(j) = -j**3 + 8*j**2 + 31*j - 3. What is the tens digit of r(8)?
4
Let g = -412 + 850. Suppose -x - g - 862 = -5*n, 260 = n + 4*x. What is the hundreds digit of n?
2
Let r be 1/5 + 45/25. Let w(d) = 20*d - 2. What is the tens digit of w(r)?
3
Let b be 2*(-177)/6*-3. Suppose 4*m - 56 = -4*c, 2*m + 2*m = 2*c + 2. What is the tens digit of b/c - (-1)/3?
2
Suppose 14 - 36 = -2*p. Let k(l) = 26*l - 77. Let m(a) = 9*a - 26. Let d(i) = 6*k(i) - 17*m(i). What is the tens digit of d(p)?
1
Suppose -33 + 13 = -4*y. Let z = y + -1. What is the units digit of (3 - z)/((-3)/54)?
8
Let b = 3527 + -2385. What is the thousands digit of b?
1
Let f = 8 - 1. Let h(i) = f + 0 - 6 - i**2 + 17*i. What is the units digit of h(15)?
1
Let o(g) = -g**3 + 5*g**2 - 4*g + 4. Let j be o(3). Suppose 0 = l + j - 94. What is the units digit of l?
4
Let g(v) = -29*v**3 - 10*v**2 - 9*v - 12. What is the thousands digit of g(-4)?
1
Suppose 3*d - 13 = -4*l, -5*d - 2 = -l + 30. Suppose l*c - 312 = -6*c. What is the tens digit of c?
2
Let x be (1 + -5)*(-3)/6. Suppose -4*j = -8*j + 4*b + 352, x*j - b - 172 = 0. What is the tens digit of j?
8
Suppose -365*t + 9396 = -353*t. What is the units digit of t?
3
Let t(h) = -2*h**2 + 3*h. Let o be t(3). Let m = 61 + o. What is the tens digit of m?
5
Let v be (-1 - 1) + 28/7. Suppose p + 21 = -p + 5*c, -v = 4*p - 2*c. Suppose -2*i + 173 = 5*w, 43 - 121 = -p*w - 3*i. What is the tens digit of w?
3
Let d be (0 - -2) + -1 + 137. Suppose -5*m - 3*z = d, m = 2*z - 0 - 38. Let n = -8 - m. What is the units digit of n?
2
Let g(b) = -143*b**2 + 1 + 7*b - b**3 + 150*b**2 - 2. What is the units digit of g(7)?
8
Suppose 7*f + 8 = 5*f. Let x be (99 - 5)*(-2)/f. Let g = x - 22. What is the tens digit of g?
2
Let g(f) be the first derivative of f**3/3 - f**2 - 6*f + 8. Let b(n) = n**3 + 6*n**2 + 4*n + 3. Let w be b(-5). What is the units digit of g(w)?
2
Suppose 1612 = 3*l + 4*j, 2*j = -4*l - 0*j + 2166. What is the hundreds digit of l?
5
Suppose 58 = 5*p - 12. Let z be (-34)/(-6) - p/21. Suppose 2*o = -4*l - o + 124, z*l + o = 155. What is the tens digit of l?
3
Suppose 46 = -16*c - 114. What is the tens digit of 5/(25/c) + 114?
1
Let l = 7 + -17. Let g = l + 11. Suppose 0 = -j - p + 20, j - g = 2*p + 7. What is the units digit of j?
6
Let t = 5 - -85. Let r = t - 85. What is the units digit of r?
5
Let n = -2 - -4. Suppose 0 - n = -j, 2*v + 3*j = 10. Suppose 4*w - 4*q = q + 125, 0 = -v*w - 2*q + 40. What is the units digit of w?
5
Let p(c) = -18*c + 5. Let u(t) = -55*t + 14. Let i(o) = -11*p(o) + 4*u(o). What is the units digit of i(-6)?
3
Let g = 42 - 40. Suppose -209 = -3*x - g*w, 213 + 65 = 4*x + 2*w. What is the tens digit of x?
6
Suppose 7*j - 21 = -7. Suppose j*n + 4*k - 93 = n, 4*n + k = 357. What is the units digit of n?
9
Suppose -q = -7*q + 18. Suppose -575 = -5*y + t, 5*t + 206 = q*y - 117. What is the units digit of y?
6
Suppose 0 = -3*j - 2*l - 67, l + l = -4*j - 90. Let b = 23 + j. What is the tens digit of 11 - (-1 + -2 + b)?
1
Let k(o) be the third derivative of 7*o**4/8 - 4*o**3/3 - 19*o**2. What is the units digit of k(5)?
7
Let x be (-255)/(-25) - (-1)/(-5). Suppose -2*a = a, -5*h = -5*a - x. Let m(b) = 6*b**3 - 4*b**2 + 3*b - 1. What is the tens digit of m(h)?
3
Let n = 3351 - 2488. What is the hundreds digit of n?
8
What is the units digit of (-4374)/(-2 + -1) - 252/42?
2
Let f be 13/5 - 2 - (-102)/30. Let x(p) = p**2 - p - 1. What is the tens digit of x(f)?
1
Suppose 0 = p + 2*f - 1048, -525 = 4*p + 4*f - 4737. What is the thousands digit of p?
1
Let u(d) be the first derivative of 2*d**3/3 + 4*d**2 + 6*d + 5. What is the tens digit of u(-6)?
3
Let w(c) be the second derivative of c**4/12 - c**2/2 - 4*c. Let x be w(-1). Suppose -3*y - 35 = -2*h, x = -y - 2*y - 9. What is the tens digit of h?
1
Let t(i) = 31*i - 1. Let y = 15 - 14. What is the tens digit of t(y)?
3
Suppose -3*c = -0*c - 3*k + 15, -2*k - 2 = 0. Let l(p) = -21*p + 33. What is the hundreds digit of l(c)?
1
Let l = 54 + -14. What is the tens digit of l?
4
Let u(v) = 436*v**2 + 6*v + 3. What is the tens digit of u(-3)?
0
Suppose 2260 = 3*z - 80. What is the units digit of z?
0
Let q = -590 - -1182. What is the units digit of q?
2
Suppose -3*p + 100 - 333 = -4*q, 0 = -5*q + 10. Let r = p - -